t common factor of 265227 and 4431.
633
Calculate the highest common divisor of 26441 and 21616.
193
Calculate the greatest common divisor of 49791 and 84.
21
Calculate the highest common divisor of 44649 and 2952.
369
Calculate the greatest common divisor of 2843582 and 14.
14
Calculate the greatest common divisor of 566 and 8231338.
566
What is the greatest common divisor of 4774217 and 217?
217
What is the greatest common divisor of 131531 and 103?
103
Calculate the greatest common factor of 126 and 129024.
126
Calculate the greatest common factor of 737 and 801119.
737
What is the greatest common divisor of 110 and 177584?
22
Calculate the greatest common divisor of 11820 and 2184.
12
What is the greatest common divisor of 1628 and 198172?
148
What is the greatest common divisor of 6520 and 5810950?
1630
What is the greatest common factor of 94259 and 484?
121
Calculate the greatest common divisor of 94677 and 6897.
627
What is the highest common divisor of 4187 and 7367?
53
Calculate the greatest common factor of 1232 and 16863.
77
What is the highest common divisor of 1980 and 280?
20
What is the greatest common factor of 1137 and 1881356?
379
What is the highest common divisor of 28 and 3500?
28
Calculate the greatest common divisor of 123538 and 38.
38
Calculate the greatest common factor of 860 and 202360.
20
Calculate the greatest common factor of 29964 and 660.
132
Calculate the greatest common divisor of 23 and 307763.
23
Calculate the highest common divisor of 525102 and 66.
6
Calculate the highest common divisor of 2760 and 7208.
8
What is the greatest common divisor of 515 and 18125?
5
What is the highest common divisor of 11189 and 11792?
67
What is the greatest common divisor of 2575 and 7325?
25
Calculate the highest common factor of 207 and 3438.
9
What is the highest common factor of 268 and 772?
4
Calculate the greatest common factor of 120 and 7374.
6
What is the greatest common factor of 2091 and 6027?
123
What is the highest common factor of 6688 and 184547?
209
Calculate the greatest common divisor of 63 and 117999.
63
What is the highest common divisor of 11086 and 553818?
482
What is the highest common factor of 6 and 463344?
6
What is the highest common divisor of 108 and 36?
36
Calculate the greatest common divisor of 10476 and 594.
54
What is the greatest common factor of 9495 and 11925?
45
Calculate the greatest common factor of 829100 and 100.
100
Calculate the greatest common factor of 3052 and 4844.
28
What is the greatest common factor of 161 and 90?
1
Calculate the greatest common factor of 1512 and 582792.
168
Calculate the highest common factor of 29 and 88421.
29
What is the greatest common divisor of 1276 and 462?
22
Calculate the highest common factor of 144 and 220428.
36
Calculate the greatest common divisor of 117822 and 438.
438
Calculate the greatest common divisor of 18825 and 7279.
251
Calculate the highest common factor of 20385 and 459.
27
Calculate the greatest common factor of 419802 and 444.
222
Calculate the greatest common factor of 1188 and 665544.
132
What is the greatest common divisor of 92040 and 624?
312
What is the greatest common divisor of 237 and 228863?
79
What is the highest common divisor of 847078 and 518?
74
What is the greatest common divisor of 1204 and 6364?
172
What is the highest common factor of 526 and 39187?
263
What is the highest common divisor of 144 and 51741?
9
Calculate the highest common factor of 1161 and 202229.
43
What is the greatest common factor of 319 and 191972?
11
Calculate the greatest common divisor of 189 and 12933.
27
What is the highest common factor of 8474 and 10258?
446
Calculate the greatest common divisor of 2613107 and 7.
7
Calculate the highest common divisor of 27 and 149355.
9
Calculate the greatest common divisor of 14400 and 6368.
32
What is the highest common divisor of 57996 and 792?
36
What is the greatest common factor of 24838 and 55?
11
Calculate the highest common divisor of 74 and 20165.
37
Calculate the greatest common divisor of 22526 and 1414.
14
Calculate the highest common divisor of 457 and 17.
1
What is the greatest common divisor of 13 and 2087839?
13
What is the highest common divisor of 845 and 5525?
65
Calculate the highest common divisor of 55035 and 360.
45
Calculate the greatest common divisor of 336271 and 13.
13
Calculate the highest common factor of 9611188 and 4.
4
Calculate the highest common divisor of 1630 and 83782.
326
Calculate the greatest common divisor of 1326 and 1482.
78
Calculate the highest common divisor of 89675 and 170.
85
Calculate the greatest common divisor of 9546 and 8256.
258
Calculate the highest common divisor of 59040 and 1271.
41
Calculate the greatest common factor of 66 and 14490.
6
What is the greatest common divisor of 805 and 394220?
115
What is the greatest common factor of 15363 and 54?
27
What is the highest common factor of 1391 and 2535?
13
Calculate the highest common divisor of 2905768 and 344.
344
Calculate the highest common factor of 375 and 59715.
15
Calculate the greatest common factor of 162737 and 763.
109
What is the highest common divisor of 3341 and 312?
13
What is the greatest common factor of 45760 and 23920?
1040
Calculate the greatest common factor of 310 and 10478.
62
Calculate the greatest common divisor of 4394 and 2548.
26
Calculate the highest common factor of 56 and 11032.
56
Calculate the highest common divisor of 24563 and 6496.
203
What is the highest common factor of 2390875 and 217?
31
What is the highest common factor of 1500 and 9552?
12
Calculate the greatest common divisor of 34780 and 259.
37
What is the highest common divisor of 186 and 1398?
6
What is the highest common factor of 114800 and 90?
10
What is the highest common divisor of 44 and 113597?
11
Calculate the greatest common divisor of 12716 and 2684.
44
What is the highest common factor of 26648 and 4064?
8
What is the greatest common divisor of 1918 and 45484?
274
Calculate the highest common factor of 44 and 148412.
44
What is the greatest common divisor of 36 and 4308?
12
Calculate the greatest common factor of 321 and 4935268.
107
What is the greatest common divisor of 1005 and 3855?
15
What is the greatest common divisor of 48982 and 2774?
38
Calculate the highest common divisor of 12562 and 889047.
571
What is the greatest common factor of 93556 and 4864?
76
Calculate the greatest common divisor of 6804 and 1784916.
2268
Calculate the highest common factor of 350867 and 22.
11
What is the highest common divisor of 42 and 35252?
14
Calculate the greatest common divisor of 339020 and 268.
268
What is the highest common divisor of 632388 and 151?
151
Calculate the highest common factor of 610 and 2446405.
305
What is the highest common factor of 148 and 2292?
4
What is the greatest common factor of 815674 and 3085?
617
Calculate the greatest common factor of 7011 and 12483.
171
Calculate the highest common factor of 420 and 3549.
21
Calculate the highest common factor of 209 and 126863.
209
Calculate the greatest common factor of 1008 and 123144.
168
Calculate the greatest common factor of 82898 and 11041.
181
What is the highest common divisor of 49375 and 1185?
395
Calculate the greatest common factor of 575 and 80050.
25
Calculate the highest common divisor of 171 and 75316.
19
What is the greatest common factor of 1044 and 10005?
87
What is the greatest common divisor of 106169 and 12992?
203
What is the highest common divisor of 5733 and 3276?
819
Calculate the greatest common factor of 333 and 65305.
37
What is the highest common divisor of 169 and 3141203?
169
What is the greatest common factor of 1182387 and 12?
3
Calculate the highest common factor of 2274 and 147.
3
What is the highest common divisor of 568 and 5256?
8
Calculate the highest common factor of 462 and 314006.
154
What is the greatest common factor of 920 and 25530?
230
Calculate the highest common factor of 1003833 and 459.
459
What is the greatest common divisor of 275392 and 572?
52
Calculate the highest common factor of 271 and 447692.
271
Calculate the greatest common factor of 199265 and 55.
55
What is the highest common divisor of 69552 and 2796?
12
Calculate the highest common factor of 85 and 4